ve u(t).
6
Let q(f) = f**2 - 3*f + 4. Let n(l) = -l + 1. Let d(t) = -4*n(t) + q(t). Suppose p - 25 = 5*w, 0 = 2*w - 6 + 16. Let o = p + -1. Determine d(o).
0
Suppose -4*d - 8 = 28. Let t = d + 4. Let z(a) = -a**3 + 2*a - 3. Let u(j) = j**3 - j**2 - 3*j + 3. Let b(l) = 6*u(l) + 7*z(l). Give b(t).
-8
Suppose -o + i = -5*o, o = i. Suppose 0*p + 3*p - 9 = o. Let x(n) = -2*n - 2 + 1 + 0 - p*n. Give x(-2).
9
Let f(v) = -3*v**2 + 6 - 7 + 2*v**2. Give f(2).
-5
Let v(i) = -i**3 - 6*i**2 - 4*i + 6. Let q be 2 - 1/(-1)*1. Suppose -5*x + 10 = -5*b, 0 = -0*b + 4*b + q*x + 1. Let c = -4 + b. Determine v(c).
1
Let u = 9 + -5. Suppose -u*o + 7 = 27. Let v(y) = 2*y**2 + y + 3*y**2 - 2*y - 5 + y**3. What is v(o)?
0
Let b be (-3 + 4)/((-1)/(-7)). Let q(l) = -b*l + 6 + 4*l + 4*l. What is q(-3)?
3
Let h(a) = a + 7. Let p = -154 - -147. Give h(p).
0
Let g(h) be the second derivative of -h + 0 - 1/8*h**4 - 1/3*h**3 + 1/2*h**2. Let v(k) be the first derivative of g(k). Give v(-3).
7
Let f(j) be the second derivative of 2*j**3/3 - 5*j**2 - 3*j. Let d be f(7). Let w be d/(-117) - 4/(-26). Let b(x) = -x + 8. Determine b(w).
8
Let j(h) = 12*h**3. Suppose -2*d - 5*v = 12, 2 = -0*d - 4*d + v. What is j(d)?
-12
Let g(t) = t**3 - 3*t**2 + t + 1. Let f be 3 + 2/1 + -2. Calculate g(f).
4
Let y = -25 + 20. Let m(h) = -h**2 - 7*h + 7. What is m(y)?
17
Let i(s) = 7*s**3 + s**2 - s - 15. Let v(q) = 6*q**3 - q - 13. Let p(g) = 5*i(g) - 6*v(g). Determine p(5).
8
Let y = -15 - -22. Let t(u) = -u + 10. Give t(y).
3
Let c(a) = -3*a - 27*a**3 + 12*a**3 + 14*a**3 - 4*a**2 - 2. Determine c(-3).
-2
Let s be (-50)/8 - 6/8. Let r(g) = -g**2 - 8*g - 5. Calculate r(s).
2
Suppose 2*f = -u + f + 4, -f = 1. Let g(q) be the second derivative of q**3/6 - 7*q**2/2 + 12*q. Determine g(u).
-2
Let v be -1*(3*-1)/1. Suppose -v*l + 3 = -0. Let t(u) be the second derivative of u**4/2 + u**2/2 + 2*u. What is t(l)?
7
Let l(w) be the third derivative of w**5/60 + 5*w**4/24 + w**3/2 + 8*w**2. Determine l(-5).
3
Let f(p) = -8*p - 7. Let t(c) = 7*c + 7. Let b(h) = -6*f(h) - 7*t(h). Calculate b(-6).
-1
Let s(p) = -3*p - 6. Let m be s(-4). Let h(y) = -2*y + 11. Let x(g) = -1. Let a(c) = -h(c) - 4*x(c). Give a(m).
5
Let d(l) = -l**3 + 6*l**2 - 6*l + 2. Suppose -6*t - 21 = -51. What is d(t)?
-3
Let w(l) = l**2 + 7*l + 4. Let a be w(-5). Let k(g) = 2*g**2 - 13*g - 12. Let x(b) = b**2 - 11*b - 11. Let z(j) = 2*k(j) - 3*x(j). What is z(a)?
3
Let f(g) = 15 + 11 - 31 + 3*g - g**2. Let s = 11 - 7. Give f(s).
-9
Suppose -5*u - 13 = -2*q, 4*q - 5*u - 2 = -3*u. Let d(y) be the first derivative of -y**2/2 - y + 34. Determine d(q).
0
Let a(w) = -12 + 36 - 18 - w. What is a(0)?
6
Let l(n) = -1 - 8*n**2 + 2*n**2 + 0*n**2 + 8*n**2. Give l(-2).
7
Let y(m) be the second derivative of -m**4/12 + 3*m**2/2 - 7*m. Determine y(0).
3
Let l(d) = d**3 + 2*d**2 - d - 4*d**3 + 0*d**3. Determine l(1).
-2
Let u(c) = -c + 7. Let l(t) = -3. Let r(i) = -6. Let a(s) = 5*l(s) - 3*r(s). Let w(f) = 5*a(f) - 2*u(f). Suppose 0 = -9*j + 2*j - 21. Give w(j).
-5
Let d(i) = 1. Let w(a) = -a - 1. Let m(x) = -d(x) - w(x). What is m(6)?
6
Suppose -3*y + 18 = 5*g, -5*y - 2*g = -4 - 7. Let k be y*(2 + -4) - 1. Let a(f) = -f**2 + 8. Let x(j) = j**2 - 7. Let p(m) = 4*a(m) + 5*x(m). Give p(k).
6
Let k(f) = -3*f - 1 + 4*f + 0 - f**2 - 3*f. Calculate k(-3).
-4
Let c(o) be the first derivative of -3*o**2/2 + 7*o + 11. Give c(5).
-8
Let f(d) be the first derivative of d**4/4 - d**3/3 - d**2 - d - 2. Give f(2).
-1
Let i(y) = 2*y + 1. Let u = -15 + 15. Suppose -5*p = -5*a - 55, u*a + 5*p = 2*a + 37. Determine i(a).
-11
Let u(j) = 2*j**2 - 5*j + 2. Suppose -2*y + 5 = -1. Let f be 10/1 - 0/y. Let c be 48/15 + (-2)/f. Give u(c).
5
Let s = -6 - -5. Let l(y) = -15*y**2 - 2*y - 1. Determine l(s).
-14
Let s(n) = n - 3. Let v(b) = -4*b + 10. Let z(p) = -7*s(p) - 2*v(p). Determine z(-4).
-3
Let g be 4*(-4)/32*-10. Let l = 1 + g. Let p(n) = 3*n - 8. Determine p(l).
10
Let u(n) = n**2 - 6*n + 6. Let m be 11 + 3 - 0/1. Suppose -2*j + 5*a + 20 = 2, -3*a - m = -2*j. Let l = 8 - j. Calculate u(l).
-2
Let v = 10 + -9. Let l be v + -10 + 12 + -9. Let h(d) = d**2 + 3*d - 7. Calculate h(l).
11
Let c(a) = -4*a + 2. Let g be ((-1)/(-3))/((-9)/(-135)). Suppose 3*k - 8*k = g*m + 5, 4*m + 5*k + 7 = 0. Determine c(m).
-6
Let q(g) be the third derivative of -g**4/6 - g**3/6 + 5*g**2. Give q(1).
-5
Let l(j) = -j**2 + 7*j - 8. Let m be l(5). Let b(t) be the first derivative of m + 0*t + 1/2*t**2. What is b(-2)?
-2
Let l(w) = 11*w**3 - 20*w**2 + 6*w - 15. Let x(p) be the first derivative of -p**4 + 7*p**3/3 - p**2 + 5*p - 1. Let n(j) = -3*l(j) - 8*x(j). Give n(4).
-3
Let d(h) be the first derivative of h**3/3 + 3*h**2 + h + 1. Let s(j) = j**3 - j**2 + j - 2. Let u be s(2). Let r be 1*-4 - (u + -2). Give d(r).
1
Let z(d) = 6*d**2 + d - 1. Let k(u) = -11*u**2 - 8*u + 2. Let x(n) = -n. Let m(p) = -k(p) + 5*x(p). Let s(g) = 2*m(g) - 5*z(g). Give s(-1).
-8
Let q = -70 - -68. Let a(d) be the second derivative of -d**4/6 - d**3/6 - d. Calculate a(q).
-6
Suppose 3*g - 25 + 4 = 0. Let i(h) = -4 - 3*h - h**2 + g*h - 2. What is i(4)?
-6
Let v(c) = 2*c**2 - 3*c - 3. Let t be (5/2 - 3)*-2. Let h be t + (-2 - -4) + 0. Give v(h).
6
Let l(x) = x**3 + 3*x**2 - 5*x - 5. Suppose 7 = -6*j - 17. Give l(j).
-1
Let a = 2 + 4. Let v(n) = -n**3 + 6*n**2. Calculate v(a).
0
Let h(t) = 2*t**3 + 3*t**2. Suppose 4*v - 3*v = -3*p + 20, 5*p - 26 = 2*v. Let n be (-27)/(-18)*12/2. Let l be ((-4)/3)/(p/n). Give h(l).
-4
Let y be ((-5)/(-10))/(1/8). Let c = 4 - y. Let q(z) = 286 - 3*z - 283 + z**3 + 2*z. What is q(c)?
3
Let f(c) be the second derivative of -c**4/12 - 5*c**3/6 + c**2 - 5*c. Give f(-6).
-4
Let w be ((-14)/448)/(3/(-4)). Let m(q) be the third derivative of -1/120*q**6 + 0*q - 5/6*q**3 - 1/60*q**5 + w*q**4 - q**2 + 0. What is m(0)?
-5
Let v(s) = -s**2 + 6*s + 3. Let t be 132/20 + (-4)/(-10). Give v(t).
-4
Let m(v) = 6*v**3 + 2*v**2 - 1. Suppose -2*s + 8 = -0*s. Suppose 4*d - 8 = q + 2*q, 0 = s*d + 3*q + 16. What is m(d)?
-5
Let y(j) = -3*j**2 + 2*j - 1. Let c(h) = h**3 - 6*h**2 - 7*h. Let b be c(7). Let g = b + 2. Calculate y(g).
-9
Let c(h) be the first derivative of 7*h**2/2 + 2*h - 1. Let w = -734 - -732. What is c(w)?
-12
Suppose 0 = 4*q - 3*a + 5, 5*q + 3*a = 2*a + 8. Let x be 15/10*(-8)/(-6). Let s(w) = 2*w + 0*w + 0*w + x - 1. Determine s(q).
3
Let h(q) = q**3 - 10*q**2 + 9*q + 8. Let n be ((-3)/(-2 + 5))/(6/(-54)). Calculate h(n).
8
Suppose z = 4*z + 6. Let v(h) be the third derivative of -2*h**2 - 5/24*h**4 + 0 - 1/3*h**3 + 0*h. Give v(z).
8
Let k(y) = -y - 1. Suppose -4 = 6*b - 2*b. Let h(q) = 3. Let c(o) = 3. Let l(a) = -4*c(a) + 3*h(a). Let m(g) = b*l(g) - k(g). Calculate m(0).
4
Let t(n) = -n**2 - 4*n + 4. Let m be t(-5). Let f(a) be the second derivative of 5*a**4/12 - a**3/6 - 4*a + 4. What is f(m)?
6
Let g be (-144)/(-15) + 8/20. Suppose -10 - g = -4*i. Let v(t) = t**2 - 5*t + 5. What is v(i)?
5
Let b(n) = n + 2. Let r(w) = -w + 1. Let i be r(1). Let l(s) = s**3 - s**2 - s + 3. Let o be l(i). Suppose -o*g - g = 0. Give b(g).
2
Let g(l) = l**3 + l**2 - 2. Suppose 0*k - k = 2. Calculate g(k).
-6
Let s(l) = -4 + 0*l + 0 - 3*l + 4*l. Let g be s(4). Let n(w) = -w**2 - w - 6. Determine n(g).
-6
Let n(o) = -4*o**3 - 2*o**2 + 3*o - 3. Let p(r) = 15*r**3 + 9*r**2 - 13*r + 13. Let u(s) = -9*n(s) - 2*p(s). Let x = 13 + -12. Give u(x).
6
Let c be (1/3)/((-4)/(-132)). Let o = -9 + c. Let p(b) = -b**3 + 4*b**2 - 2*b + 2. What is p(o)?
6
Suppose -3*y = -0*y - 5*w, 3*y - w = 0. Let q = -3 + y. Let i(d) = -2*d**2 - 5*d - 3. What is i(q)?
-6
Let r(i) be the first derivative of 0*i**3 + 0*i + 1/4*i**4 + 3 - 1/2*i**2. Calculate r(-1).
0
Let m = 9 - 10. Let d be (0 + (-1)/m)*3. Let p(u) = -u**2 + 3*u + 2. What is p(d)?
2
Let f(x) = -x**2 - 4*x. Let r = 18 + -23. What is f(r)?
-5
Let l be -1*(-2)/2 + 13. Suppose 3*p + l + 4 = t, p = 5*t - 62. Suppose m + t = 5*m. Let i(w) = w**2 - 6*w + 4. Calculate i(m).
-5
Let s(z) = 2*z. Let o(k) = -7*k + 1. Let q(c) = o(c) + 3*s(c). Determine q(-7).
8
Suppose z - 16 = -0*r + 2*r, -3*z + 4*r = -38. Let m(t) = t - 1. Calculate m(z).
5
Let b(o) be the first derivative of 3*o**4/2 - o**2/2 + o - 1. Suppose -y = -2*y + 44. Let z be y/36 + 4/(-18). Determine b(z).
6
Let h(g) = -12*g**3 + g